dred thousands digit of 260608?
2
What is the millions digit of 2106331?
2
What is the units digit of 154497?
7
What is the ten thousands digit of 446453?
4
What is the tens digit of 9385350?
5
What is the hundreds digit of 1281083?
0
What is the ten thousands digit of 57082?
5
What is the units digit of 333280?
0
What is the hundred thousands digit of 13962354?
9
What is the units digit of 4683137?
7
What is the thousands digit of 265699?
5
What is the thousands digit of 241602?
1
What is the thousands digit of 1126973?
6
What is the units digit of 1023871?
1
What is the units digit of 143635?
5
What is the units digit of 14718623?
3
What is the thousands digit of 326962?
6
What is the hundreds digit of 9702856?
8
What is the ten thousands digit of 4150607?
5
What is the hundred thousands digit of 5967552?
9
What is the tens digit of 640573?
7
What is the tens digit of 4730?
3
What is the tens digit of 157836?
3
What is the hundreds digit of 185624?
6
What is the hundred thousands digit of 155287?
1
What is the hundred thousands digit of 689310?
6
What is the hundred thousands digit of 1783839?
7
What is the thousands digit of 15643118?
3
What is the tens digit of 81524?
2
What is the units digit of 3476657?
7
What is the hundred thousands digit of 2265419?
2
What is the units digit of 2644531?
1
What is the tens digit of 29349?
4
What is the millions digit of 6965801?
6
What is the thousands digit of 1592507?
2
What is the tens digit of 2741006?
0
What is the units digit of 493737?
7
What is the hundred thousands digit of 4905739?
9
What is the tens digit of 30679802?
0
What is the units digit of 25744?
4
What is the hundred thousands digit of 8535381?
5
What is the millions digit of 1934120?
1
What is the hundreds digit of 1691857?
8
What is the units digit of 1035873?
3
What is the thousands digit of 11382194?
2
What is the thousands digit of 747292?
7
What is the hundreds digit of 1318117?
1
What is the millions digit of 7655959?
7
What is the ten thousands digit of 931314?
3
What is the millions digit of 1657678?
1
What is the thousands digit of 6608040?
8
What is the tens digit of 62879?
7
What is the ten thousands digit of 23349?
2
What is the tens digit of 4031480?
8
What is the millions digit of 2786205?
2
What is the ten thousands digit of 399985?
9
What is the tens digit of 11167673?
7
What is the hundred thousands digit of 22578406?
5
What is the units digit of 3028744?
4
What is the units digit of 206299?
9
What is the hundred thousands digit of 361273?
3
What is the tens digit of 20026768?
6
What is the ten thousands digit of 134971?
3
What is the thousands digit of 85463?
5
What is the units digit of 1927068?
8
What is the ten millions digit of 10117339?
1
What is the millions digit of 8555184?
8
What is the units digit of 221890?
0
What is the hundred thousands digit of 12558843?
5
What is the tens digit of 1003700?
0
What is the millions digit of 28924314?
8
What is the hundreds digit of 8618023?
0
What is the thousands digit of 1072440?
2
What is the hundred thousands digit of 5135716?
1
What is the hundreds digit of 2749478?
4
What is the hundreds digit of 1742193?
1
What is the hundreds digit of 2456844?
8
What is the hundreds digit of 790072?
0
What is the tens digit of 3990655?
5
What is the millions digit of 3524075?
3
What is the ten millions digit of 10001141?
1
What is the tens digit of 3620691?
9
What is the tens digit of 27970174?
7
What is the thousands digit of 247673?
7
What is the hundreds digit of 20062137?
1
What is the hundred thousands digit of 967714?
9
What is the ten thousands digit of 3772021?
7
What is the hundred thousands digit of 140809?
1
What is the thousands digit of 27773?
7
What is the tens digit of 11727540?
4
What is the thousands digit of 6794518?
4
What is the units digit of 2373904?
4
What is the hundred thousands digit of 144191?
1
What is the millions digit of 12171563?
2
What is the ten thousands digit of 570980?
7
What is the thousands digit of 1426824?
6
What is the tens digit of 379746?
4
What is the millions digit of 1881267?
1
What is the tens digit of 974847?
4
What is the units digit of 3494127?
7
What is the hundreds digit of 649742?
7
What is the tens digit of 1006823?
2
What is the ten millions digit of 19070145?
1
What is the hundreds digit of 1023823?
8
What is the hundred thousands digit of 884466?
8
What is the tens digit of 1043774?
7
What is the ten thousands digit of 95884?
9
What is the ten thousands digit of 7855715?
5
What is the units digit of 757530?
0
What is the ten thousands digit of 2197106?
9
What is the ten thousands digit of 6841215?
4
What is the tens digit of 252616?
1
What is the tens digit of 1721317?
1
What is the hundred thousands digit of 2182223?
1
What is the hundred thousands digit of 1520451?
5
What is the hundreds digit of 194880?
8
What is the thousands digit of 930341?
0
What is the thousands digit of 4722535?
2
What is the units digit of 1358530?
0
What is the hundred thousands digit of 1780403?
7
What is the thousands digit of 666770?
6
What is the tens digit of 382623?
2
What is the ten thousands digit of 2203385?
0
What is the units digit of 603245?
5
What is the hundreds digit of 1775586?
5
What is the units digit of 88905?
5
What is the units digit of 8521122?
2
What is the ten thousands digit of 1868687?
6
What is the tens digit of 301841?
4
What is the ten millions digit of 31508611?
3
What is the units digit of 264030?
0
What is the tens digit of 21058?
5
What is the hundreds digit of 2463162?
1
What is the millions digit of 1239093?
1
What is the hundreds digit of 158606?
6
What is the tens digit of 92977?
7
What is the hundreds digit of 446649?
6
What is the hundred thousands digit of 875208?
8
What is the ten thousands digit of 210683?
1
What is the hundred thousands digit of 7079991?
0
What is the tens digit of 9946786?
8
What is the ten thousands digit of 2054295?
5
What is the tens digit of 1799475?
7
What is the thousands digit of 1995929?
5
What is the tens digit of 11279935?
3
What is the hundreds digit of 726050?
0
What is the units digit of 702902?
2
What is the units digit of 864796?
6
What is the ten millions digit of 27819598?
2
What is the tens digit of 261854?
5
What is the units digit of 1949130?
0
What is the tens digit of 10809472?
7
What is the tens digit of 1417701?
0
What is the millions digit of 4345156?
4
What is the ten thousands digit of 2122717?
2
What is the thousands digit of 31747?
1
What is the tens digit of 601820?
2
What is the thousands digit of 488037?
8
What is the thousands digit of 337969?
7
What is the units digit of 379835?
5
What is the hundred thousands digit of 322557?
3
What is the thousands digit of 70506?
0
What is the ten thousands digit of 21957056?
5
What is the hundreds digit of 37448903?
9
What is the hundreds digit of 989624?
6
What is the tens digit of 6212424?
2
What is the hundred thousands digit of 474622?
4
What is the thousands digit of 2616521?
6
What is the hundred thousands digit of 2993749?
9
What is the millions digit of 1224901?
1
What is the units digit of 737258?
8
What is the tens digit of 721397?
9
What is the millions digit of 15354829?
5
What is the hundred thousands digit of 5693232?
6
What is the ten thousands digit of 6123996?
2
What is the tens digit of 44672?
7
What is the hundreds digit of 379439?
4
What is the millions digit of 1138419?
1
What is the hundreds digit of 64982?
9
What is the hundreds digit of 87255?
2
What is the units digit of 6165622?
2
What is the ten thousands digit of 586633?
8
What is the hundred thousands digit of 2927980?
9
What is the hundred thousands digit of 7923260?
9
What is the thousands digit of 33928?
3
What is the ten thousands digit of 347936?
4
What is the units digit of 21309572?
2
What is the units digit of 687600?
0
What is the hundreds digit of 34420188?
1
What is the hundred thousands digit of 12426914?
4
What is the tens digit of 4103949?
4
What is the units digit of 5460062?
2
What is the hundred thousands digit of 25327212?
3
What is the tens digit of 71952?
5
What is the units digit of 250415?
5
What is the hundreds digit of 139726?
7
What is the units digit of 134411?
1
What is the units digit of 188455?
5
What 